.
345101
What is 8b06 (base 13) in base 6?
230001
200341 (base 5) to base 10
6346
What is -12300003031 (base 4) in base 9?
-3286477
What is 53b70 (base 12) in base 6?
2211420
Convert 30522035 (base 6) to base 12.
36631b
a334b6 (base 12) to base 13
6b67a2
What is -32a13c (base 14) in base 16?
-1a36ea
What is 2110201 (base 3) in base 4?
130021
What is -3a13918 (base 12) in base 16?
-af1264
Convert 4a784 (base 16) to base 12.
128630
What is -10373 (base 11) in base 16?
-3aec
11011101110110101100101 (base 2) to base 10
7269733
What is -204419 (base 10) in base 14?
-546d5
What is -7035603 (base 8) in base 5?
-433201433
What is 2060752 (base 8) in base 2?
10000110000111101010
-145978 (base 14) to base 15
-de788
-65799 (base 11) to base 5
-11023311
3266250 (base 7) to base 4
1202123112
What is 1d36d (base 16) in base 7?
1005603
What is 986e (base 16) in base 8?
114156
What is 5d2b (base 14) in base 13?
7565
-6644333 (base 8) to base 7
-21125121
What is -257131 (base 8) in base 13?
-31a92
What is 81670 (base 13) in base 15?
48a2a
Convert 6d307 (base 14) to base 8.
1011013
Convert -4524c (base 13) to base 3.
-20101100000
Convert -156928 (base 11) to base 4.
-323122201
What is -10110011100011001010101 (base 2) in base 8?
-26343125
Convert -2201022001021 (base 3) to base 4.
-11200032211
What is -200000002020 (base 3) in base 13?
-c53a0
What is -143303110 (base 5) in base 7?
-6313050
Convert -a9254 (base 13) to base 8.
-1125176
-172135 (base 15) to base 11
-6a6067
26662465 (base 7) to base 9
4573037
What is 47571703 (base 8) in base 14?
155245d
3a5024a (base 11) to base 16
6acaa6
What is 10012110012221 (base 3) in base 16?
19f70e
-459b3 (base 12) to base 5
-10434030
1122010112 (base 3) to base 6
404535
What is 5223513 (base 6) in base 16?
3d965
-45ad9a (base 15) to base 4
-30230113111
What is 1103213231 (base 4) in base 7?
2624366
Convert -344033142 (base 5) to base 11.
-968a09
Convert -2b8a90 (base 15) to base 8.
-10017262
-870533 (base 12) to base 7
-24106026
-5030a (base 12) to base 4
-121122322
8a41ac (base 14) to base 7
54635005
-308591 (base 12) to base 10
-761149
What is b2fd (base 16) in base 8?
131375
What is 12234042 (base 5) in base 7?
1001042
Convert -2d8829 (base 16) to base 10.
-2983977
-112213 (base 7) to base 5
-1120002
Convert -3160460 (base 7) to base 4.
-1131312032
Convert -121220223 (base 5) to base 14.
-10ba6b
What is 11867177 (base 10) in base 3?
211022220201002
Convert 10101011001001 (base 2) to base 4.
2223021
-8030a5 (base 11) to base 15
-1a7e7b
-12221101021220 (base 3) to base 9
-5841256
Convert 8337 (base 9) to base 10.
6109
What is 191620 (base 12) in base 8?
1527470
What is 636394 (base 12) in base 14?
2caa52
1114422032 (base 5) to base 15
3453e7
What is -80615 (base 11) in base 12?
-58266
-15543 (base 16) to base 15
-1ad43
71276 (base 10) to base 7
414542
10001100001000010100101 (base 2) to base 12
1655345
What is 2bb45 (base 13) in base 10?
83205
What is 46129b (base 12) in base 8?
4217127
What is -2d42a9 (base 15) in base 11?
-1267134
Convert -197993 (base 11) to base 10.
-303328
What is -2d665 (base 14) in base 13?
-3ca26
What is -2201312321 (base 4) in base 13?
-1a29b8
What is 22145014 (base 7) in base 15?
27b131
What is -314139 (base 12) in base 9?
-1410160
-352274 (base 9) to base 13
-7543c
What is -7331565 (base 8) in base 5?
-444241420
43454535 (base 6) to base 16
13cfbb
-36b21a (base 12) to base 15
-128b8a
Convert 58a88 (base 11) to base 8.
246247
What is -a09199 (base 12) in base 8?
-11432705
-12054451 (base 6) to base 13
-10440a
10142213113 (base 5) to base 13
223b737
What is -2141100 (base 6) in base 16?
-1a01c
2176912 (base 10) to base 11
1257601
What is -101001220200001 (base 3) in base 4?
-110122222030
-2d0853 (base 16) to base 8
-13204123
26315 (base 16) to base 12
76645
-103010032113 (base 4) to base 3
-100101221000120
Convert -212152251 (base 6) to base 11.
-212a420
-1044003 (base 5) to base 10
-18628
Convert 205ca (base 13) to base 14.
17285
-11717 (base 11) to base 3
-212002121
202212000100220 (base 3) to base 11
6289a10
Convert 12045343 (base 6) to base 11.
23a264
-581441 (base 9) to base 14
-9119d
Convert -1bb87 (base 12) to base 11.
-29145
-1b903 (base 16) to base 10
-112899
213310 (base 4) to base 15
b4d
Convert -3330013333 (base 4) to base 2.
-11111100000111111111
What is -763812 (base 12) in base 8?
-7111316
What is -310410 (base 7) in base 2?
-1100111100100001
-163681 (base 10) to base 3
-22022112021
-316086 (base 12) to base 2
-10111101110111100110
What is -a7953 (base 13) in base 12?
-12712a
What is -595a3 (base 14) in base 7?
-1565163
26587 (base 9) to base 4
10120330
4089b (base 12) to base 5
10143330
Convert 3320044142 (base 5) to base 15.
9707ec
What is -30010313 (base 5) in base 13?
-83004
17ddcb (base 15) to base 3
2011222020102
456a5 (base 13) to base 7
1034310
235821 (base 11) to base 10
373671
Convert -13251 (base 13) to base 16.
-8ae4
8b46a (base 13) to base 14
684d5
-104033314 (base 5) to base 16
-6f323
Convert -1002244423 (base 5) to base 15.
-295b0d
What is 210461 (base 9) in base 11?
85a41
What is -364152 (base 9) in base 6?
-4412245
What is -10111000 (base 4) in base 16?
-4540
100110101001010000001011 (base 2) to base 10
10130443
What is 1214000213 (base 5) in base 4?
22331322302
62150533 (base 7) to base 2
10011110110111010000101
Convert -152000 (base 8) to base 2.
-1101010000000000
Convert -281712 (base 11) to base 14.
-b6c21
Convert -769250 (base 11) to base 4.
-10223223113
Convert 110443521 (base 7) to base 15.
8ba3b0
Convert -4c8ce (base 16) to base 4.
-1030203032
4a88a1 (base 11) to base 4
3003320211
What is -340101 (base 7) in base 4?
-32222223
-203300223 (base 4) to base 16
-23c2b
What is -20170 (base 15) in base 12?
-4a950
What is -32637260 (base 8) in base 12?
-242b440
6710380 (base 10) to base 16
66646c
What is 3647294 (base 10) in base 3?
20212022010222
2a109b (base 13) to base 10
1030521
What is -6364500 (base 7) in base 6?
-24315350
What is d8e11d (base 15) in base 6?
1005142014
Convert -6600c1 (base 13) to base 10.
-2399281
20012111110022 (base 3) to base 14
61b6aa
-a0c798 (base 13) to base 11
-2125408
Convert 4001551 (base 8) to base 5.
232040244
What is -19294b (base 12) in base 6?
-13234135
What is -a4363 (base 15) in base 12?
-211286
What is -a27dc7 (base 14) in base 6?
-313220255
What is 11214025 (base 6) in base 5?
42004241
Convert 1260261 (base 7) to base 14.
445d8
3be50 (base 15) to base 3
100202200110
Convert 122012200120 (base 3) to base 9.
565616
-ca880 (base 16) to base 6
-25440332
Convert 431134234 (base 5) to base 14.
3547c1
1350402 (base 8) to base 3
201100220000
7590628 (base 11) to base 7
221243234
Convert -110100101110101 (base 2) to base 10.
-26997
What is -1415076 (base 8) in base 16?
-61a3e
What is 114205422 (base 7) in base 3?
111100102210120
Convert 1423111 (base 5) to base 6.
345513
What is -186815 (base 9) in base 13?
-410a2
What is -2100221010001 (base 3) in base 12?
-508254
What is -46726 (base 16) in base 5?
-33213200
What is 70a81a (base 11) in base 5?
243013111
Convert 6ac63 (base 16) to base 13.
1240b1
Convert -375156 (base 10) to base 15.
-76256
What is -13333232220 (base 4) in base 10?
-2096040
Convert -111241 (base 6) to base 2.
-10010010101001
What is -11211220111 (base 3) in base 8?
-272307
Convert -31130332 (base 4) to base 8.
-153476
What is 241162 (base 8) in base 15?
196d1
-559164 (base 10) to base 14
-107ac4
Convert 1012105 (base 7) to base 9.
203621
What is 135998 (base 10) in base 9?
226488
Convert 41132542 (base 7) to base 11.
1a38127
What is 110052 (base 10) in base 11?
75758
What is 46456062 (base 7) in base 14?
783569
11010001110100100 (base 2) to base 14
2b216
Convert 3f0f3 (base 16) to base 9.
433270
-7b952c (base 14) to base 10
-4213060
What is -50c3e (base 15) in base 2?
-111110011110001100
102122110112101 (base 3) to base 14
b71982
Convert 126549 (base 10) to base 9.
212530
What is 1112011220 (base 3) in base 10?
30021
Convert -1759456 (base 14) to base 9.
-23585364
What is -33122312 (base 4) in base 10?
-63158
What is 576a545 (base 11) in base 15?
d43aec
What is 1441534 (base 8) in base 16?
6435c
Convert -ba0b39 (base 13) to base 6.
-233411312
Convert 1ab8e9 (base 15) to base 2.
100111110100011000001
Convert -2